{"id":35,"date":"2019-06-11T15:04:49","date_gmt":"2019-06-11T13:04:49","guid":{"rendered":"http:\/\/new.scalarchives.com\/?page_id=35"},"modified":"2026-04-22T15:20:38","modified_gmt":"2026-04-22T13:20:38","slug":"fotografia","status":"publish","type":"page","link":"https:\/\/scalarchives.com\/it\/fotografia\/","title":{"rendered":"Fotografia"},"content":{"rendered":"\n<p>SCALA \u00e8 orgogliosa di rappresentare queste collezioni e di poter gestire i diritti d&#8217;autore di importanti Maestri della Fotografia. Un unico interlocutore tramite cui rintracciare file di altissima qualit\u00e0 unitamente alle necessarie autorizzazioni relative al diritto d\u2019autore. Guarda l&#8217;elenco dei fotografi in fondo alla pagina.<\/p>\n\n\n\n<p>Il Center for Creative Photography dell&#8217;Universit\u00e0 dell&#8217;Arizona, a Tucson (CCP) \u00e8 la pi\u00f9 prestigiosa istituzione universitaria per lo studio della fotografia. Il CCP comprende circa 2.200 fotografi e 110.000 opere, tra cui materiale d&#8217;archivio come corrispondenze, scritti, materiali audiovisivi, cimeli, libri, giornali e cataloghi d&#8217;asta.<\/p>\n\n\n\n<p>Il nome di Ansel Adams \u00e8 noto a livello internazionale e le sue immagini in bianco e nero, che spesso catturano con stupefacente chiarezza e profondit\u00e0 l&#8217;Ovest americano e i parchi nazionali, sono senza dubbio iconiche. Ansel Adams fu un pioniere per lo sviluppo del concetto di conservazione e tutela dell\u2019ambiente. Oggi pi\u00f9 che mai il suo lavoro e la sua eredit\u00e0 sono preziose, per tutto il pianeta.\u00a0<\/p>\n\n\n\n<p>R\u00e9union des Mus\u00e9es Nationaux-Grand Palais (RMN) si occupa di gestire direttamente il diritto d\u2019autore di alcuni celebri fotografi, donato\u00a0allo Stato francese.<\/p>\n\n\n\n<p><\/p>\n\n\n\n<p>Se non trovi quello che cerchi, chiedi una <a href=\"https:\/\/scalarchives.com\/it\/richiesta-ricerca-contenuti\/\" data-type=\"page\" data-id=\"33575\">ricerca personalizzata<\/a>.<\/p>\n\n\n\n<div class=\"custom_block block_multisection four-sections\" style=\"background-image: url('')\">\n  <a class=\"single-section\" href=\"\/grandi-fotografi\">\n    <img decoding=\"async\" src=\"https:\/\/scalarchives.com\/wp-content\/uploads\/2021\/06\/scala_02353683.jpg\"\/>\n    <div class=\"single-section-title\">Grandi Fotografi<\/div>\n  <\/a>\n  <a class=\"single-section\" href=\"\/foto-storiche\">\n    <img decoding=\"async\" src=\"https:\/\/scalarchives.com\/wp-content\/uploads\/2021\/06\/vintage-01.png\"\/>\n    <div class=\"single-section-title\">Vintage<\/div>\n  <\/a>\n      <a class=\"single-section\" href=\"\/foto-aeree-paesaggi\">\n      <img decoding=\"async\" src=\"https:\/\/scalarchives.com\/wp-content\/uploads\/2019\/10\/A500999D-02.jpg\"\/>\n      <div class=\"single-section-title\">Paesaggi <\/div>\n    <\/a>\n    <a class=\"single-section\" href=\"\/ritratti-autoritratti\">\n      <img decoding=\"async\" src=\"https:\/\/scalarchives.com\/wp-content\/uploads\/2019\/10\/0155644D-02.jpg\"\/>\n      <div class=\"single-section-title\">Ritratti e Autoritratti<\/div>\n    <\/a>\n        <\/div>\n\n\n<p>Per i seguenti fotografi, in alcuni territori, SCALA pu\u00f2 gestire anche il diritto d\u2019autore: Ansel Adams, Lola Alvarez Bravo, Brassai, Dean Brown, Louise Dahl-Wolfe, Adolf Fassbender, Gis\u00e8le Freund, Otto Hagel, Andr\u00e9 Kert\u00e9sz, Sam L\u00e8vin, Hansel Mieth, Dorothy Norman, Marion Palfi, Mickey Pallas, Al Richter, Willy Ronis, Laura Volkerding, Edward Weston, Max Yavno.<\/p>\n\n\n\n<p><a href=\"https:\/\/scalarchives.com\/wp-content\/uploads\/2025\/02\/List-of-photographers-SCALA-can-handle-artist-copyright_2025.pdf\">Guarda la lista completa<\/a>.<\/p>\n","protected":false},"excerpt":{"rendered":"<p>SCALA \u00e8 orgogliosa di rappresentare queste collezioni e di poter gestire i diritti d&#8217;autore di importanti Maestri della Fotografia. Un unico interlocutore tramite cui rintracciare file di altissima qualit\u00e0 unitamente alle necessarie autorizzazioni relative al diritto d\u2019autore. Guarda l&#8217;elenco dei fotografi in fondo alla pagina. Il Center for Creative Photography dell&#8217;Universit\u00e0 dell&#8217;Arizona, a Tucson (CCP) [&hellip;]<\/p>\n","protected":false},"author":1,"featured_media":0,"parent":0,"menu_order":0,"comment_status":"closed","ping_status":"closed","template":"page-with-slier.php","meta":{"_acf_changed":false,"footnotes":""},"class_list":["post-35","page","type-page","status-publish","hentry"],"acf":[],"_links":{"self":[{"href":"https:\/\/scalarchives.com\/it\/wp-json\/wp\/v2\/pages\/35","targetHints":{"allow":["GET"]}}],"collection":[{"href":"https:\/\/scalarchives.com\/it\/wp-json\/wp\/v2\/pages"}],"about":[{"href":"https:\/\/scalarchives.com\/it\/wp-json\/wp\/v2\/types\/page"}],"author":[{"embeddable":true,"href":"https:\/\/scalarchives.com\/it\/wp-json\/wp\/v2\/users\/1"}],"replies":[{"embeddable":true,"href":"https:\/\/scalarchives.com\/it\/wp-json\/wp\/v2\/comments?post=35"}],"version-history":[{"count":42,"href":"https:\/\/scalarchives.com\/it\/wp-json\/wp\/v2\/pages\/35\/revisions"}],"predecessor-version":[{"id":34860,"href":"https:\/\/scalarchives.com\/it\/wp-json\/wp\/v2\/pages\/35\/revisions\/34860"}],"wp:attachment":[{"href":"https:\/\/scalarchives.com\/it\/wp-json\/wp\/v2\/media?parent=35"}],"curies":[{"name":"wp","href":"https:\/\/api.w.org\/{rel}","templated":true}]}}

<p>SCALA è orgogliosa di rappresentare queste collezioni e di poter gestire i diritti d&#8217;autore di importanti Maestri della Fotografia. Un unico interlocutore tramite cui rintracciare file di altissima qualità unitamente alle necessarie autorizzazioni relative al diritto d’autore. Guarda l&#8217;elenco dei fotografi in fondo alla pagina.</p>



<p>Il Center for Creative Photography dell&#8217;Università dell&#8217;Arizona, a Tucson (CCP) è la più prestigiosa istituzione universitaria per lo studio della fotografia. Il CCP comprende circa 2.200 fotografi e 110.000 opere, tra cui materiale d&#8217;archivio come corrispondenze, scritti, materiali audiovisivi, cimeli, libri, giornali e cataloghi d&#8217;asta.</p>



<p>Il nome di Ansel Adams è noto a livello internazionale e le sue immagini in bianco e nero, che spesso catturano con stupefacente chiarezza e profondità l&#8217;Ovest americano e i parchi nazionali, sono senza dubbio iconiche. Ansel Adams fu un pioniere per lo sviluppo del concetto di conservazione e tutela dell’ambiente. Oggi più che mai il suo lavoro e la sua eredità sono preziose, per tutto il pianeta. </p>



<p>Réunion des Musées Nationaux-Grand Palais (RMN) si occupa di gestire direttamente il diritto d’autore di alcuni celebri fotografi, donato allo Stato francese.</p>



<p></p>



<p>Se non trovi quello che cerchi, chiedi una <a href="https://scalarchives.com/it/richiesta-ricerca-contenuti/" data-type="page" data-id="33575">ricerca personalizzata</a>.</p>



<div class="custom_block block_multisection four-sections" style="background-image: url('')">
  <a class="single-section" href="/grandi-fotografi">
    <img decoding="async" src="https://scalarchives.com/wp-content/uploads/2021/06/scala_02353683.jpg"/>
    <div class="single-section-title">Grandi Fotografi</div>
  </a>
  <a class="single-section" href="/foto-storiche">
    <img decoding="async" src="https://scalarchives.com/wp-content/uploads/2021/06/vintage-01.png"/>
    <div class="single-section-title">Vintage</div>
  </a>
      <a class="single-section" href="/foto-aeree-paesaggi">
      <img decoding="async" src="https://scalarchives.com/wp-content/uploads/2019/10/A500999D-02.jpg"/>
      <div class="single-section-title">Paesaggi </div>
    </a>
    <a class="single-section" href="/ritratti-autoritratti">
      <img decoding="async" src="https://scalarchives.com/wp-content/uploads/2019/10/0155644D-02.jpg"/>
      <div class="single-section-title">Ritratti e Autoritratti</div>
    </a>
        </div>


<p>Per i seguenti fotografi, in alcuni territori, SCALA può gestire anche il diritto d’autore: Ansel Adams, Lola Alvarez Bravo, Brassai, Dean Brown, Louise Dahl-Wolfe, Adolf Fassbender, Gisèle Freund, Otto Hagel, André Kertész, Sam Lèvin, Hansel Mieth, Dorothy Norman, Marion Palfi, Mickey Pallas, Al Richter, Willy Ronis, Laura Volkerding, Edward Weston, Max Yavno.</p>



<p><a href="https://scalarchives.com/wp-content/uploads/2025/02/List-of-photographers-SCALA-can-handle-artist-copyright_2025.pdf">Guarda la lista completa</a>.</p>

<p>SCALA è orgogliosa di rappresentare queste collezioni e di poter gestire i diritti d&#8217;autore di importanti Maestri della Fotografia. Un unico interlocutore tramite cui rintracciare file di altissima qualità unitamente alle necessarie autorizzazioni relative al diritto d’autore. Guarda l&#8217;elenco dei fotografi in fondo alla pagina. Il Center for Creative Photography dell&#8217;Università dell&#8217;Arizona, a Tucson (CCP) [&hellip;]</p>
